221263039 prime?
False
Is 41949407 a prime number?
True
Is 1718419 a prime number?
False
Is 13522657 a composite number?
True
Is 28894361 composite?
False
Is 613313 a prime number?
False
Is 131051813 prime?
True
Is 2805899 composite?
False
Is 929711 prime?
False
Is 122293909 a composite number?
False
Is 849857 a prime number?
True
Is 11679797 a prime number?
True
Is 100277 composite?
True
Is 4108063 composite?
False
Is 2243477 a prime number?
True
Is 20626481 composite?
False
Is 2182337 a composite number?
True
Is 3156779 composite?
False
Is 8181421 a composite number?
False
Is 4407343 composite?
False
Is 371865757 composite?
True
Is 3893167 a prime number?
True
Is 24585469 a composite number?
True
Is 1010017 a prime number?
False
Is 474619 a composite number?
False
Is 84197221 a composite number?
False
Is 350805893 a composite number?
False
Is 1720891 a prime number?
False
Is 457321 prime?
False
Is 42506531 prime?
True
Is 2131127 prime?
True
Is 58321609 composite?
False
Is 136212521 composite?
False
Is 1560035 a prime number?
False
Is 152493269 a composite number?
True
Is 43346309 prime?
True
Is 20311547 a composite number?
False
Is 8973019 composite?
True
Is 3957803 a composite number?
True
Is 78737 composite?
False
Is 546888859 a composite number?
True
Is 30405271 composite?
True
Is 7941697 a composite number?
False
Is 149932577 prime?
False
Is 190292939 composite?
True
Is 911721 prime?
False
Is 18656569 a prime number?
False
Is 6307337 a composite number?
True
Is 650038 a composite number?
True
Is 220755133 a prime number?
True
Is 80504519 composite?
False
Is 14519 a composite number?
False
Is 1104008941 a composite number?
True
Is 771581 composite?
True
Is 14825209 composite?
True
Is 326709899 composite?
True
Is 16762881 a prime number?
False
Is 44459833 a prime number?
False
Is 813991 a composite number?
False
Is 102242773 composite?
False
Is 11844439 prime?
False
Is 40242829 prime?
False
Is 44086789 composite?
False
Is 157831 prime?
True
Is 9718769 composite?
True
Is 974911 composite?
True
Is 1829171 a prime number?
True
Is 4489877 composite?
True
Is 3063799 a prime number?
True
Is 214783 a composite number?
False
Is 17142581 a composite number?
True
Is 169184027 prime?
True
Is 364455327 prime?
False
Is 69994073 composite?
False
Is 12591835 a composite number?
True
Is 1837681 a prime number?
True
Is 28332379 a prime number?
True
Is 262350157 composite?
True
Is 173429 composite?
False
Is 56575829 a composite number?
False
Is 14242066 composite?
True
Is 54087443 a composite number?
False
Is 15851699 a composite number?
True
Is 463217189 prime?
True
Is 542873 a composite number?
False
Is 316020009 composite?
True
Is 1535113 composite?
True
Is 359546081 composite?
True
Is 117322991 a composite number?
False
Is 2846411 composite?
True
Is 19011595 a prime number?
False
Is 4845961 prime?
False
Is 57261401 composite?
False
Is 26469341 a prime number?
True
Is 9220123 prime?
False
Is 254786401 composite?
False
Is 13898327 a composite number?
False
Is 982389 a composite number?
True
Is 264551893 a composite number?
True
Is 8417623 a prime number?
True
Is 3457609 a composite number?
False
Is 13771013 composite?
True
Is 25669159 a prime number?
False
Is 9029 a prime number?
True
Is 21037381 composite?
True
Is 2275181 composite?
True
Is 1107494 a prime number?
False
Is 6317797 a prime number?
False
Is 25556953 composite?
True
Is 2418281 composite?
True
Is 17632331 a composite number?
False
Is 3943103 a prime number?
True
Is 609533277 a prime number?
False
Is 6301121 a prime number?
True
Is 150713117 a prime number?
False
Is 43058057 composite?
True
Is 305202441 composite?
True
Is 60247793 composite?
False
Is 203677261 composite?
False
Is 8928167 prime?
False
Is 47880611 a composite number?
True
Is 14751223 composite?
True
Is 539266829 a composite number?
False
Is 20348693 a prime number?
False
Is 37403479 a composite number?
False
Is 3632281 a prime number?
False
Is 7589129 a prime number?
True
Is 2353343 prime?
True
Is 523297 prime?
True
Is 4188637 composite?
True
Is 860503 a composite number?
True
Is 4302877 a prime number?
False
Is 249797 a prime number?
True
Is 1436363 prime?
True
Is 28718201 composite?
False
Is 11619703 prime?
True
Is 4595873 a composite number?
True
Is 62260735 composite?
True
Is 4315993 composite?
True
Is 609559 prime?
False
Is 2421403 a prime number?
True
Is 246051643 a prime number?
False
Is 52753759 composite?
False
Is 41938349 a prime number?
False
Is 105687979 composite?
False
Is 227409274 prime?
False
Is 18766199 a prime number?
False
Is 697754179 prime?
True
Is 11522009 composite?
False
Is 95097887 prime?
True
Is 1852553 a composite number?
True
Is 5451547 prime?
True
Is 485479 a composite number?
False
Is 6077377 a composite number?
True
Is 42323363 a prime number?
True
Is 9068753 a composite number?
False
Is 61216053 prime?
False
Is 90186529 a prime number?
True
Is 6643079 a prime number?
False
Is 138705069 a prime number?
False
Is 56454031 composite?
False
Is 2910793 composite?
True
Is 4063711 composite?
False
Is 217641199 prime?
False
Is 99707 prime?
True
Is 32999003 a prime number?
True
Is 17560483 composite?
False
Is 68953637 prime?
True
Is 14137087 a composite number?
True
Is 2280571 a prime number?
False
Is 82572559 composite?
False
Is 186810821 a prime number?
True
Is 127637 a composite number?
False
Is 204497431 composite?
True
Is 32635893 a prime number?
False
Is 24215233 a composite number?
True
Is 11062853 a composite number?
False
Is 55176029 composite?
False
Is 7700527 a composite number?
True
Is 1888090711 a composite number?
True
Is 11203729 a prime number?
False
Is 345379 a composite number?
False
Is 3247759 a prime number?
True
Is 16156367 a prime number?
False
Is 4256747 a prime number?
False
Is 1911029 prime?
True
Is 10839797 a prime number?
True
Is 13801483 a prime number?
True
Is 2217469 a prime number?
False
Is 5839069 a prime number?
False
Is 31674227 a composite number?
True
Is 11063098 prime?
False
Is 28322383 prime?
True
Is 7829179 a composite number?
False
Is 7501003 composite?
False
Is 182939 a composite number?
True
Is 103144001 composite?
True
Is 3884597 a composite number?
True
Is 3602806 prime?
False
Is 8028179 a composite number?
False
Is 7989851 a composite number?
False
Is 126726253 prime?
True
Is 576876169 a prime number?
False
Is 507427 composite?
True
Is 4462846 prime?
False
Is 71345938 a composite number?
True
Is 3566491 a prime number?
False
Is 507021247 a prime number?
True
Is 3080669 a composite number?
False
Is 81226723 a composite number?
True
Is 1454489 prime?
False
Is 318431 a composite number?
False
Is 7454851 prime?
True
Is 31455247 a composite number?
True
Is 47913311 composite?
False
Is 2757571 a composite number?
True
Is 10548841 prime?
True
Is 14015707 composite?
True
Is 13849681 composite?
False
Is 12596459 a composite number?
True
Is 9352571 a prime number?
False
Is 20039257 composite?
True
Is 607861 prime?
True
Is 8284427 composite?
False
Is 17982701 prime?
False
Is 55015683 prime?
False
Is 130482134 a prime number?
False
Is 286751 a composite number?
False
Is 91067957 a prime number?
True
Is 34819901 a prime number?
True
Is 3305597 a composite number?
True
Is 21450179 composite?
False
Is 37643638 a prime number?
False
Is 5285317 prime?
False
Is 2208599 composite?
True
Is 18021121 composite?
True
Is 1763367 a composite number?
True
Is 183817973 a prime number?
True
Is 4877617 composite?
False
Is 158753363 a composite number?
False
Is 7911881 a composite number?
False
Is 300314927 a composite number?
True
Is 52171121 a prime number?
True
Is 10831189 composite?
False
Is 9958837 a prime number?
False
Is 194597 composite?
True
Is 23291917 composite?
True
Is 12370357 composite?
False
Is 123515187 a composite number?
True
Is 163910659 prime?
False
Is 11247619 a composite number?
True
Is 5201943 prime?
False
Is 8777047 prime?
True
Is 135409137 prime?
False
Is 732050065 a composite number?
True
Is 28061149 a prime number?
False
Is 56580691 a prime number?
False
Is 21246691 prime?
False
Is 3481859 prime?
True
Is 991217 composite?
False
Is 35161538 a prime number?
False
Is 143131 prime?
False
Is 12977501 a prime number?
True
Is 85621 prime?
True
Is 3842599 a prime numb